
9
Let h be (-165)/(-11) + 1 + -5. Suppose -h*c - 32 = -120. What is the units digit of c?
8
Suppose 208 = 5*y + 3*d, -y = d - 25 - 17. Let l = y + -23. Let u = l - -30. What is the units digit of u?
8
Let y be (4/8 - 0)*6. Suppose -36 = y*o - o. Let i = o - -46. What is the tens digit of i?
2
Suppose -4*d = 4*s - 691 - 1401, 4*d = s + 2097. What is the hundreds digit of d?
5
Let i = 150 - -259. What is the tens digit of i?
0
Let j = 13 - 15. What is the tens digit of 666/21 - (-7)/((-49)/j)?
3
Suppose 4 = 5*l - 11. Suppose -2*c + 2*v = -476, -313 - 395 = -l*c + v. Suppose -30 - c = -5*y. What is the tens digit of y?
5
Let x = 420 - 236. Let p be (-4)/26 + x/13. Let r = p + -7. What is the units digit of r?
7
Suppose 8 - 48 = -5*w. Let u = -82 - -85. Let h = w + u. What is the units digit of h?
1
Let v be 1*(0 - 3) + -3. Let l = v - -6. Suppose 2*y + l*y + 29 = 3*u, -60 = -5*u + y. What is the units digit of u?
3
Let b be (12/3 + -1 - -237) + -1. Suppose 4*v - 329 = 3*z - 15, 3*v - b = 4*z. What is the tens digit of v?
7
Let x be 1*128*(-3 - 0 - -2). Let t = -92 - x. What is the units digit of t?
6
Let g(l) = l**3 - 7*l**2 - 25*l + 38. Let t(u) = -u. Let f(i) = g(i) + t(i). What is the hundreds digit of f(11)?
2
Let o be ((-48)/(-20))/((-3)/(-15)). Let u(m) = -o*m + 1 - 7*m - 13*m + 4*m. What is the tens digit of u(-1)?
2
Let k be ((-12)/24)/(1/(-90)). Suppose -2*c - k + 135 = 0. What is the units digit of c?
5
Suppose -15 = 5*m, -2*z = z - m - 15. What is the units digit of (z + -8)*(-23)/2?
6
Suppose -7*y = 15 + 111. What is the tens digit of 46*5*(-9)/y?
1
Suppose 5*b = -u + b + 1198, 2*b - 3564 = -3*u. What is the thousands digit of u?
1
Let w(j) = -14*j + 19. Let h = 11 - 15. What is the tens digit of w(h)?
7
Suppose 6*y = 2*y + 448. Suppose 54 = 2*m - y. What is the units digit of m?
3
Let m be (2 - -2*2)/1. Let h be 2/(3*2/m). Suppose -j + 53 = h*g, g - j - 37 = -5*j. What is the tens digit of g?
2
Let i = -1 - -9. Suppose 3*y + i = 2*o, -4*y - 17 + 4 = -3*o. Suppose 5*j - o - 133 = 0. What is the units digit of j?
8
Let k(h) = 6*h**2 + 1. Let u be k(-1). What is the units digit of u/2*2884/49?
6
Suppose -y - y - 2*m = -5622, -2805 = -y + 5*m. What is the hundreds digit of y?
8
Suppose -7*d + 23 = -138. What is the tens digit of d?
2
Suppose -2*x = 3*x + 4*q + 94, -x + 5*q = 13. What is the tens digit of -4*(x/(-8))/(-3) - -66?
6
Let l(w) = w**3 + 5*w**2 - 4*w + 5. Let a be l(-6). Let d(u) = 5*u**2 - 6*u + 1. Let m be d(a). Suppose -7*h + 3*h + m = 0. What is the units digit of h?
2
Let l(v) = -4*v**3 - v**2 - 3*v + 4. Let i(j) = -7*j**3 - 2*j**2 - 6*j + 8. Let s(r) = -6*i(r) + 11*l(r). What is the units digit of s(-3)?
0
Let s(f) = 73*f**2 - 4*f + 41. What is the thousands digit of s(-5)?
1
Let p(g) = 14*g**2 - 35*g + 11. Let t(f) = 5*f**2 - 12*f + 4. Let v(u) = 3*p(u) - 8*t(u). What is the units digit of v(11)?
4
Let j be (-4 - 46 - -3)*-3. What is the tens digit of -2 + j + 4 - (-8)/(-2)?
3
Let z(x) = x**2 - 4*x. Let t be z(5). Suppose -t*o - 25 = 0, -3*g - 3*o + 429 = 6. What is the tens digit of g?
4
Let i(f) = 5*f**2 - 4*f - 3. Let h be i(-1). Let a(m) = -m**3 + 8*m**2 + 11. What is the units digit of a(h)?
3
What is the hundreds digit of 145980/35 - 54/63?
1
What is the tens digit of (4 + -3 - -2)*(-11427)/(-9)?
0
Let p(m) = -m**2 - 8*m + 6. Let z be p(-7). Let c(n) = -n**2 - 1. Let t(y) = -5*y**2 - 14*y - 11. Let g(w) = 6*c(w) - t(w). What is the units digit of g(z)?
8
Suppose 0 = -13*v - 17*v - 390. Let s be (-2)/5 - (-142)/5. Let k = v + s. What is the units digit of k?
5
Let c(i) = 11*i**2 - 38*i. Let n(o) = -7*o**2 + 25*o. Let z(d) = 5*c(d) + 8*n(d). Let b be z(10). Suppose -2*f - 28 + 98 = b. What is the tens digit of f?
3
Let m(y) = 2*y + 1. Let n be m(-4). Let t = n - -7. Suppose -3*w + 59 = 2*b, 0 = -w - t*w - 4*b + 33. What is the units digit of w?
7
Suppose x - 1868 = -3*p, -2*p - 2*x = -0*x - 1252. What is the hundreds digit of p?
6
Let x(v) = v**3 - 14*v**2 + 21*v + 19. Let m be x(12). Let p = m + 113. What is the units digit of p?
6
Let u(b) = -b**3 + 6*b**2 + 10*b - 9. Let n be u(6). Let f = n - -16. What is the tens digit of f?
6
Let i = -1 - -4. Suppose 39 = i*m - 9. Suppose -x = x - m. What is the units digit of x?
8
Suppose -4*t - 20 = 4*r, -4*t - 5*r - 19 + 1 = 0. Let y = t - -73. What is the units digit of y?
6
Let u(g) = -21*g - 4. What is the tens digit of u(-13)?
6
Let u = -110 + 205. Suppose 3*b = -4*s - 235, 3*s + 0*b - 4*b + 145 = 0. Let o = u + s. What is the units digit of o?
0
Let f(h) = 5*h - 16. Suppose 1 = -i + 6. Let s be f(i). Suppose 9 + 117 = s*m. What is the tens digit of m?
1
Let m(s) = -s**3 + 10*s**2 - 8*s - 8. Let z be m(8). Let j = -39 + z. What is the units digit of j?
7
Let a = -367 - -392. What is the units digit of a?
5
Suppose -7*w - w = 2160. What is the hundreds digit of ((3 - w)/3)/(1/2)?
1
Let k = 11 - 10. Let u be 5/((-10)/(-8)) + k. Suppose 2*m = -5*c + 36, c + u*m = m. What is the units digit of c?
8
Let z(d) = -15*d - 183. What is the tens digit of z(-49)?
5
Suppose -n = -5*n. Let k(q) = q**2 + q + 2. Let r be k(n). Suppose -2*s = 2*i - 166, r*s - 3*s + 3 = 0. What is the tens digit of i?
8
Let i(z) = 4*z + 3. Let y be i(-3). Let r = y + 19. Let h = r - 6. What is the units digit of h?
4
Suppose -2*w - 32 + 6 = 0. Suppose -2*g + 87 = 5*p, -g + 2 = 6. Let b = w + p. What is the units digit of b?
6
Suppose 3*x - 4*x = 209. Let k = 136 + x. Let o = -45 - k. What is the tens digit of o?
2
Let k(m) = -2*m**2 + 1. Suppose 9*r = 5*r - 4. Let q be k(r). Let h(z) = -23*z - 1. What is the units digit of h(q)?
2
Let u = -5 - -15. Let k be 3/(-6)*u/(-5). What is the tens digit of (36/(-10))/(k/(-5))?
1
Suppose -7*s + 8 = -6. Suppose -o = s*o + 9. What is the tens digit of ((-104)/o)/((-22)/(-33))?
5
What is the thousands digit of (-16200)/42*3*(-14)/4?
4
Let p(b) = 9*b - 50. Let f be p(6). Suppose f*k - 772 = -0*k. What is the units digit of k?
3
Let u(o) = 0*o + 12*o - 3 - 4. Let t = 198 + -194. What is the units digit of u(t)?
1
Let g(c) = -c**3 + 7*c**2 + c - 4. Let w be (-3 - -1) + -2 + 11. Let k be g(w). Suppose -4*n = -2*d, 13 = 3*d - n + k. What is the units digit of d?
4
Let v be (-12)/16 - (-506)/(-8). Let b be v/(-48) + 2/3. Let y(q) = 8*q**2 - 3*q + 1. What is the units digit of y(b)?
7
Suppose -4926 = -5*k + 3*c - 1737, 5*k - c = 3193. What is the units digit of k?
9
Let l = -1397 - -2347. What is the units digit of l?
0
Let g = 643 - 365. What is the hundreds digit of g?
2
Suppose -r + 498 = -v, 3*r - 907 = -2*v + 572. What is the tens digit of r?
9
Let u = 4 - -1. Suppose u*l - 2*f - 90 = 109, -5*l + f + 202 = 0. What is the tens digit of l?
4
Let w = -48 + 61. Suppose -t = 4*t. Suppose -o + 12 + w = t. What is the tens digit of o?
2
Let r(t) = -7*t - 111. Let k(j) = -2*j - 28. Let y(m) = -9*k(m) + 2*r(m). What is the units digit of y(-6)?
6
What is the units digit of (-8442)/(-10) + (-392)/(-490)?
5
Let x be 3/(-1) - (-4 + 5 + -2). Let n = -2 - 2. What is the units digit of x - (2 - -18)/n?
3
Suppose 506*a = 499*a + 6097. What is the tens digit of a?
7
Let z(s) = -s**3 + 11*s**2 - 10*s + 2. Let n be z(10). Suppose q - r - 33 - 83 = 0, 0 = n*q + 3*r - 227. What is the hundreds digit of q?
1
Let w(l) = l - 79 + 79 + 7*l + 6*l**2. What is the units digit of w(-5)?
0
Let n(h) = 4*h + 5. Let m be n(8). Let w = -42 + 32. Let z = w + m. What is the tens digit of z?
2
Suppose 4*j + 2*k - 14 = 0, 0 = 3*j + 2*k - 13 + 3. Suppose -73 = -3*f + v - 3*v, 0 = v + j. What is the tens digit of f?
2
Let u(l) = 2*l - 3*l + 3 + 3*l**3 - 3*l - 3*l**2 - 2*l**3. Let r be u(4). Suppose -r*v = -0*v - 129. What is the tens digit of v?
4
Let n(c) = 4*c**3 + 2*c + 347. Let i(x) = -11*x**3 - 6*x - 1040. Let k(j) = -3*i(j) - 8*n(j). What is the units digit of k(0)?
4
Let m(f) = -3*f - 6. Let y be m(-3). Let t be 8/(-6) + 4/y. Suppose 5*s + 97 = 3*h, -3*h + 103 = -t*h + s. What is the tens digit of h?
3
Let f be (-1)/(10/(-4))*-30. Let g = -11 - f. What is the units digit of (0 + g)*(38 + 3)?
1
Suppose -32046 = -11*v - 9056. What is the tens digit of v?
9
Suppose 12*v - 2594 = 1126. What is the tens digit of v?
1
Let k(n) = -3*n - 4*n + 10*n - 3. Let m be k(2). Suppose m*d = 3*q + 87, -3*d - q = -